 remainder when 15353932 is divided by 1946?
1938
Calculate the remainder when 2245442 is divided by 132.
122
Calculate the remainder when 10687396 is divided by 955.
946
Calculate the remainder when 330960 is divided by 325.
110
Calculate the remainder when 2054394 is divided by 214.
208
What is the remainder when 6749266 is divided by 6749251?
15
Calculate the remainder when 14054040 is divided by 297.
0
What is the remainder when 57429 is divided by 3834?
3753
Calculate the remainder when 24834 is divided by 825.
84
What is the remainder when 4636195 is divided by 68?
23
Calculate the remainder when 8441587 is divided by 13.
11
What is the remainder when 83473282 is divided by 582?
514
Calculate the remainder when 197404993 is divided by 13943.
13942
Calculate the remainder when 389116 is divided by 97268.
44
What is the remainder when 2348223 is divided by 55?
53
What is the remainder when 216972 is divided by 6042?
5502
What is the remainder when 50940103 is divided by 4470?
4453
Calculate the remainder when 1854135 is divided by 82.
33
Calculate the remainder when 678058099 is divided by 22.
15
Calculate the remainder when 21509596 is divided by 1169.
1165
What is the remainder when 3908007 is divided by 1441?
15
Calculate the remainder when 15828214 is divided by 28114.
32
What is the remainder when 1093336 is divided by 49675?
486
What is the remainder when 1447272 is divided by 839?
836
What is the remainder when 4883505 is divided by 281?
6
Calculate the remainder when 103894607 is divided by 2833.
2831
Calculate the remainder when 1038573 is divided by 1827.
837
Calculate the remainder when 56789904 is divided by 28394950.
4
What is the remainder when 159425601 is divided by 897?
894
What is the remainder when 5191875 is divided by 4982?
631
What is the remainder when 471232 is divided by 78410?
772
Calculate the remainder when 2516542 is divided by 12774.
64
Calculate the remainder when 9622 is divided by 1348.
186
What is the remainder when 18015758 is divided by 647?
43
What is the remainder when 40695573 is divided by 1644?
1641
Calculate the remainder when 218918 is divided by 108977.
964
Calculate the remainder when 7312338 is divided by 348205.
33
Calculate the remainder when 3097233 is divided by 527.
54
Calculate the remainder when 2263119 is divided by 12233.
14
Calculate the remainder when 98544 is divided by 594.
534
What is the remainder when 43968 is divided by 8768?
128
Calculate the remainder when 2007844 is divided by 167319.
16
What is the remainder when 422826 is divided by 140399?
1629
What is the remainder when 4857151 is divided by 22?
13
What is the remainder when 5309469 is divided by 106?
35
What is the remainder when 728579 is divided by 233?
221
Calculate the remainder when 60831321 is divided by 2.
1
What is the remainder when 5358371 is divided by 1785329?
2384
What is the remainder when 130100 is divided by 942?
104
Calculate the remainder when 2455 is divided by 584.
119
Calculate the remainder when 873499 is divided by 36395.
19
What is the remainder when 1026358 is divided by 10?
8
Calculate the remainder when 75998 is divided by 5061.
83
What is the remainder when 10256684 is divided by 756?
32
Calculate the remainder when 34853149 is divided by 850076.
33
Calculate the remainder when 355912 is divided by 27.
25
What is the remainder when 38513547 is divided by 3209462?
3
Calculate the remainder when 590827 is divided by 11712.
5227
Calculate the remainder when 1135136 is divided by 36612.
164
Calculate the remainder when 67102 is divided by 1137.
19
What is the remainder when 751212 is divided by 67?
8
Calculate the remainder when 16424310 is divided by 1572.
54
Calculate the remainder when 165847994 is divided by 3.
2
Calculate the remainder when 745245 is divided by 22.
17
Calculate the remainder when 35532 is divided by 867.
852
What is the remainder when 90567 is divided by 630?
477
Calculate the remainder when 45901909 is divided by 79.
65
Calculate the remainder when 759546 is divided by 8631.
18
What is the remainder when 46838 is divided by 23354?
130
What is the remainder when 1210101 is divided by 20510?
11
What is the remainder when 30675957 is divided by 141?
138
What is the remainder when 42753458 is divided by 64?
50
Calculate the remainder when 230964 is divided by 788.
80
Calculate the remainder when 107520948 is divided by 17.
11
What is the remainder when 548444 is divided by 234?
182
Calculate the remainder when 2391 is divided by 736.
183
What is the remainder when 188852 is divided by 14386?
1834
What is the remainder when 558581 is divided by 3143?
2270
What is the remainder when 296264 is divided by 18419?
1560
Calculate the remainder when 12561518 is divided by 2924.
14
What is the remainder when 5462116 is divided by 182069?
46
Calculate the remainder when 500716 is divided by 166880.
76
What is the remainder when 3433548 is divided by 147?
69
Calculate the remainder when 198150650 is divided by 39.
35
What is the remainder when 125069 is divided by 1385?
419
What is the remainder when 272165787 is divided by 60792?
3
What is the remainder when 80542 is divided by 7290?
352
What is the remainder when 4618891 is divided by 2309428?
35
Calculate the remainder when 944190 is divided by 35.
30
What is the remainder when 48417 is divided by 408?
273
Calculate the remainder when 281511 is divided by 5.
1
What is the remainder when 14537458 is divided by 181718?
18
Calculate the remainder when 13280145 is divided by 24.
9
What is the remainder when 3984288 is divided by 1117?
1066
Calculate the remainder when 47918517 is divided by 23.
18
What is the remainder when 55098044 is divided by 198?
188
What is the remainder when 3667857 is divided by 11?
6
What is the remainder when 71540 is divided by 2388?
2288
Calculate the remainder when 190809 is divided by 95197.
415
Calculate the remainder when 1735581 is divided by 806.
263
What is the remainder when 32657813 is divided by 3653?
3646
Calculate the remainder when 46457 is divided by 6155.
3372
Calculate the remainder when 773545 is divided by 40.
25
Calculate the remainder when 805789 is divided by 226.
99
What is the remainder when 4268959 is divided by 16?
15
What is the remainder when 145586 is divided by 28738?
1896
Calculate the remainder when 143837 is divided by 2601.
782
What is the remainder when 264158 is divided by 365?
263
What is the remainder when 567626494 is divided by 127?
121
What is the remainder when 1651053 is divided by 1650958?
95
Calculate the remainder when 572341 is divided by 1035.
1021
What is the remainder when 32637008 is divided by 1574?
118
Calculate the remainder when 2180680 is divided by 567.
565
Calculate the remainder when 22133858 is divided by 144.
50
Calculate the remainder when 1027262 is divided by 517.
500
Calculate the remainder when 2139827 is divided by 3338.
169
What is the remainder when 767874 is divided by 383937?
0
What is the remainder when 11071058 is divided by 770?
768
What is the remainder when 1176243 is divided by 623?
19
Calculate the remainder when 6831464 is divided by 759049.
23
What is the remainder when 5579677 is divided by 167?
40
Calculate the remainder when 21155 is divided by 5142.
587
What is the remainder when 606507 is divided by 761?
751
What is the remainder when 4066597 is divided by 254162?
5
What is the remainder when 1030146 is divided by 206000?
146
What is the remainder when 482645 is divided by 106?
27
What is the remainder when 39026 is divided by 1362?
890
What is the remainder when 40407074 is divided by 5?
4
What is the remainder when 523761 is divided by 160?
81
Calculate the remainder when 283450 is divided by 301.
209
What is the remainder when 433194 is divided by 433194?
0
What is the remainder when 348079 is divided by 3869?
3738
What is the remainder when 284435726 is divided by 1989061?
3
What is the remainder when 2086268 is divided by 61?
7
What is the remainder when 45718 is divided by 2286?
2284
What is the remainder when 395154 is divided by 30?
24
Calculate the remainder when 149223 is divided by 13088.
5255
Calculate the remainder when 2276666 is divided by 2276657.
9
What is the remainder when 53219 is divided by 26603?
13
Ca